*j**2. Is 12 a factor of z(p)?
False
Let v be -1 - (2 - (-1 - -1)). Let h = v + 1. Let g(w) = -2*w**3 - 2*w**2 + w + 1. Is g(h) a multiple of 7?
True
Is 8 a factor of (-6)/14 + 258/14?
False
Let l(q) = q**2 + 13*q + 11. Let b be l(-14). Suppose -15 = -2*m + b. Is 10 a factor of m?
True
Let h = 10 - 12. Let s = 2 - h. Is 2 a factor of s?
True
Suppose -5*o = 6*q - 2*q - 23, 5*o - 21 = -3*q. Suppose 2*s + i = 26, 2*i = 2*s - o*i - 50. Does 9 divide s?
False
Let b(d) = -d**3 - 4*d**2 - 4*d - 4. Let p be 5/((-5)/4) - 0. Let a be b(p). Suppose -j + a = -6. Is j a multiple of 12?
False
Suppose 522 = 5*h - 4*i, h - i = -3*i + 110. Does 28 divide h?
False
Let t = 178 + -122. Suppose 4*f - t = 28. Does 21 divide f?
True
Let h(n) = 3*n**2 - 3*n. Let g be h(2). Let j(r) = r - 9. Let d be j(g). Is (-10)/d + (-2)/6 a multiple of 3?
True
Let t(w) = w**2 + w. Let m be t(-2). Suppose -m*l + l = -13. Is l a multiple of 13?
True
Let q = -38 + 97. Does 3 divide q?
False
Suppose -4*b - 148 = a, -b - 56 = 5*a - 0*a. Let r = b + 16. Let p = 35 + r. Does 10 divide p?
False
Suppose 3 = z - 17. Suppose -56 = -i - z. Does 17 divide i?
False
Suppose 0 = r - 2*h + 1, -5*r + 3*h = -2*h. Let n = 17 - r. Let k = 30 + n. Does 18 divide k?
False
Is (-250)/(-3) - 16/(-24) a multiple of 42?
True
Suppose -5 - 5 = -5*w. Suppose -12 = -o - g, w*o + g - 13 = 8. Is (o/(-2))/((-1)/2) a multiple of 6?
False
Let k = 8 - 7. Let f = 19 + k. Is f a multiple of 10?
True
Let a be 0 + 0 + 2 + 1. Let r = 6 - a. Suppose 150 = 2*z + r*z. Is 15 a factor of z?
True
Let c be 1 + -2 - -2 - -1. Let d = 7 - c. Is (d + 0)*(-3)/(-3) a multiple of 4?
False
Let k(w) = -w**3 + 3*w**2 + 3*w - 1. Let n be k(4). Let a be -4*n/(60/9). Suppose 5*m = a*m + 124. Is m a multiple of 23?
False
Let t = 42 + 6. Is 8 a factor of t?
True
Let q be (-92)/12*(-2 + -1). Suppose 4*o = -3 + q. Let l = 9 - o. Does 3 divide l?
False
Suppose 574 + 290 = 6*u. Is 9 a factor of u?
True
Suppose 21 = 3*t + 6. Suppose t*c - 176 = -6. Does 9 divide c?
False
Let s(n) = 304*n**3 - 2*n**2 + 1. Let k be s(1). Let a be k/12 + 1/(-4). Does 3 divide (a/(-10))/(1/(-2))?
False
Let d be (5/10)/(1/12). Let n be ((-134)/d - -2)*-3. Let c = n - 40. Is c a multiple of 8?
False
Let t = -7 + 4. Let p be t*(3 + 13/(-3)). Suppose 3*x + 5*h + p = 50, 4*x - 3*h = 13. Does 3 divide x?
False
Is (10*-1)/((-6)/42) a multiple of 35?
True
Let s(f) = -f**3 - 1 - 2*f + 13 - 1 - 10*f**2. Let p be s(-10). Suppose -q = -p + 8. Does 9 divide q?
False
Let i = 9 + -5. Suppose -4*n + 3*a + 137 = 0, -140 = -6*n + 2*n + i*a. Is 8 a factor of n?
True
Let j = -14 + 28. Suppose 0 = 4*u - j - 2. Suppose -u*i + 101 = 17. Is 9 a factor of i?
False
Let d = 29 + 3. Does 8 divide d?
True
Is 8 a factor of 4*(-21)/(-14)*(-17)/(-3)?
False
Suppose 4*a + 4*t + 44 = 0, -a - 4*t - 26 = -0*a. Is 1 + 47 + a/3 a multiple of 14?
False
Let t = 7 - -24. Is t a multiple of 7?
False
Let f(v) = v**3 + 6*v**2 + 6. Suppose 5*j + 3*t = 6*t - 37, 0 = -2*j + 5*t - 30. Is 12 a factor of f(j)?
False
Let d(k) = k**2 + 1. Let l be d(-1). Suppose 0 = -l*m + 4*f - 0*f + 12, 2*m - 12 = 2*f. Is 3 a factor of m?
True
Let c = 94 - 56. Suppose -2*z = -z - c. Is (-2)/(-5) - z/(-5) a multiple of 4?
True
Suppose 4*w - 5*l - 87 = 3*w, w = -5*l + 77. Is 17 a factor of w?
False
Suppose 0 = 7*i - 33 - 3047. Is i a multiple of 20?
True
Let f = -12 + 108. Is f a multiple of 32?
True
Let x = 12 + -7. Suppose 4*d = n + 159, 3*d + 78 = x*d - 2*n. Does 21 divide d?
False
Let q = 8 + -4. Suppose n = -2*z + 81, 4*z - 3*z - q*n = 27. Is 14 a factor of z?
False
Let s(p) = p**2 - 2*p + 3. Suppose -4*o + 14 = n, 0*n = -2*o + 3*n. Does 3 divide s(o)?
True
Suppose 5*k - 3*j - 138 = -21, 4*k + j = 97. Let b be (3/3)/((-1)/8). Let m = b + k. Is 7 a factor of m?
False
Suppose t - 2 = -6. Let o be (0/1)/(t + 1). Is (o - -17)/(2 - 1) a multiple of 9?
False
Suppose n + 4*n + 4*p = 17, -3*n - 3*p + 9 = 0. Does 20 divide (4*n)/((-2)/(-2))?
True
Suppose 4 = 3*h - 2*h, 5*h = -3*o + 125. Does 13 divide o?
False
Let x(r) = -2*r + 2. Let j be x(-5). Let p = j + -6. Is p even?
True
Suppose 5*d + 0*d + 2*c = 160, -126 = -4*d - 2*c. Does 17 divide d?
True
Suppose -5*l = b - 2 - 10, -4*l - 3*b = -3. Suppose -l*q - 5*y = -q + 264, -3*q = 5*y + 386. Is q/(-4) + 3/(-6) a multiple of 10?
True
Suppose 1 = -3*c + 4*i + 15, 0 = -2*c + i + 6. Is c a multiple of 2?
True
Suppose -x = a + 2*a + 5, 4*x = 5*a - 20. Suppose 4*w + 89 = 4*q + 9, a = -5*q + 2*w + 115. Is 12 a factor of q?
False
Is 26 a factor of (-1)/1 - -54*(-5)/(-10)?
True
Let s(j) = 2*j**2 + 5*j + 3. Let z(b) = -b**2 + 5*b + 3. Let y be z(6). Does 5 divide s(y)?
False
Let o be ((-12)/(-18))/(4/30). Suppose -z - 5*g + 17 = 0, 0 = -o*z + g - 29 - 16. Let t = 31 + z. Does 14 divide t?
False
Let l be (4 - 2) + 1 + -1. Suppose 9 - l = n. Is 7 a factor of n?
True
Let h = -88 - -210. Does 8 divide h?
False
Let d = 34 - 12. Suppose 2 + d = h. Does 9 divide h?
False
Let n(z) be the second derivative of 7*z**4/6 + z**3/6 - 3*z**2/2 - 4*z. Let y(g) be the first derivative of n(g). Does 11 divide y(1)?
False
Let z = -171 - -315. Is z a multiple of 38?
False
Let a(m) = 2*m. Let l be a(6). Let j be (-4)/6 + 8/l. Suppose -2*y - y + 24 = j. Does 8 divide y?
True
Suppose -4*q - q + 80 = 0. Let h = q + -4. Let z = 0 + h. Does 11 divide z?
False
Let r(f) = -10*f - f**2 + 2*f + f**2 + 6 + f**2. Is 13 a factor of r(10)?
True
Let s(n) = -n**2 - n + 4. Let q be s(-4). Let d be 2/((q/14)/2). Is (-86)/d + 8/(-28) a multiple of 12?
True
Let v = 9 - 5. Suppose z - 250 = -v*s - 0*z, 313 = 5*s + z. Does 21 divide s?
True
Let d = 144 + -101. Is d a multiple of 20?
False
Let r(h) = 4*h. Let j be 3 + (1 - 6/3). Suppose -3*i = j*i - 30. Does 10 divide r(i)?
False
Let m(y) = 0*y + y**3 - 3*y + 8*y - 6*y**2 - 3 + 0. Let o be m(5). Does 18 divide (-184)/(-6) + 2/o?
False
Suppose 0 = -6*q + q. Let l = 5 + q. Does 14 divide (-4)/20 - (-211)/l?
True
Suppose 143*l - 125 = 138*l. Is 25 a factor of l?
True
Let r be (0/(-2))/((-4)/2). Suppose r = 2*a - 0*t - 3*t + 6, 0 = 2*a + t - 10. Is 14 a factor of 17 - (a/(-1))/(-1)?
True
Suppose 0 = -8*d + 3*d + 535. Let u = d - 54. Is u a multiple of 18?
False
Let s(y) = -y**2 - 3*y. Let t be s(-2). Suppose -198 = -4*u + 2*p, -t*p = 5*u - 118 - 134. Is 25 a factor of u?
True
Let d be 188/36 + (-2)/9. Suppose 5*b - d = 10. Is ((-23)/b)/((-1)/3) a multiple of 8?
False
Let g(h) = 40*h - 2. Let v be g(-4). Let n be 6/(-2) - v/2. Suppose 2*b = 3*j + 31 + 9, 0 = 4*b - 5*j - n. Is b a multiple of 12?
False
Let i(t) = t**3 - 6*t**2 - t + 8. Let z(y) = -y**3 + 7*y**2 - 6*y + 6. Let h be z(6). Does 2 divide i(h)?
True
Suppose -2*j = 2*i + 2*j - 2, -5*i = -3*j - 44. Suppose -2*p - 180 = -i*p. Does 18 divide p?
True
Suppose 4*v + v = -380. Let q = v + 138. Does 14 divide q?
False
Suppose -4*w - 12 = -5*w. Suppose i - w = -3*i. Suppose -l = -3*r - 8, r - i*r = -l + 8. Is l a multiple of 8?
True
Suppose b - 5 = 1. Let j(f) = -f**3 + 4*f**2 + 8*f - 4. Let d(o) = -5*o**3 + 20*o**2 + 40*o - 21. Let v(k) = 2*d(k) - 11*j(k). Does 13 divide v(b)?
True
Suppose 0*k + 2*k = 0. Let s = 3 - -1. Suppose k = f + 2*f - w - 99, 2*w = s*f - 132. Is f a multiple of 16?
False
Let h = -2 - -2. Let a = 29 - h. Is a a multiple of 12?
False
Suppose -4 - 4 = -2*c. Suppose -4*i - 2*p - p = -9, i - c*p = 7. Suppose 43 = 5*w - i*a + 4*a, 4*w + 5*a = 47. Is w a multiple of 4?
True
Suppose 2*j - 468 = -0*j - 3*n, n - 4 = 0. Is j a multiple of 13?
False
Let q be 10/(-8)*-10*-4. Is 1 - q - 1 - -1 a multiple of 17?
True
Let i = -7 - -7. Suppose v = 3*c + 20, v + 2*c = -i*v. Is 4 a factor of v?
True
Let v(a) = 2*a**2 - 4*a - 4. Let t be v(5). Suppose -3*i + 175 + t = 0. Does 27 divide i?
False
Let i(m) be the second derivative of m**3/6 - 5*m**2/2 - m. Let b be i(5). Suppose 2*u - 8 - 6 = b. Is u a multiple of 4?
False
Let a(i) = -i**2 + 1. Let y(s) = -5*s**2 + s + 8. Let f(d) = -6*a(d) + y(d). Is f(-2) a multiple of 2?
True
Suppose 0 = -3*f + f. Let z(l) = -l**3 - l + 9. Is 3 a factor of z(f)?
True
Suppose -n + 3*z = -0*n, -5*n + 3*z + 24 = 0. Is 2 a factor of n?
True
Let c = 3 + -5. Let r(j) = -8*j**3 - 2*j**2 - 2. Let v be r(c). Let y = v - 24. Is 11 a factor of y?
False
Let j = 327 + 41. Is 46 a factor of j?
True
Let v(r) be the secon